e thousands digit of 1240?
1
What is the tens digit of 392?
9
What is the hundreds digit of 2471?
4
What is the thousands digit of 71475?
1
What is the units digit of 554?
4
What is the tens digit of 21199?
9
What is the hundreds digit of 32091?
0
What is the units digit of 57699?
9
What is the tens digit of 3150?
5
What is the thousands digit of 29791?
9
What is the thousands digit of 1372?
1
What is the tens digit of 3827?
2
What is the units digit of 31321?
1
What is the hundreds digit of 91927?
9
What is the tens digit of 6980?
8
What is the tens digit of 1636?
3
What is the hundreds digit of 14863?
8
What is the ten thousands digit of 12981?
1
What is the tens digit of 776?
7
What is the units digit of 42170?
0
What is the units digit of 587?
7
What is the ten thousands digit of 81265?
8
What is the hundreds digit of 243?
2
What is the tens digit of 1223?
2
What is the tens digit of 1468?
6
What is the tens digit of 5082?
8
What is the units digit of 3186?
6
What is the units digit of 8326?
6
What is the hundreds digit of 35700?
7
What is the thousands digit of 1839?
1
What is the hundreds digit of 1814?
8
What is the ten thousands digit of 14044?
1
What is the hundreds digit of 1674?
6
What is the hundreds digit of 12145?
1
What is the hundred thousands digit of 160680?
1
What is the tens digit of 34877?
7
What is the hundreds digit of 312?
3
What is the units digit of 4846?
6
What is the tens digit of 8412?
1
What is the units digit of 1975?
5
What is the thousands digit of 23626?
3
What is the units digit of 7644?
4
What is the thousands digit of 16351?
6
What is the ten thousands digit of 36431?
3
What is the units digit of 286?
6
What is the units digit of 9077?
7
What is the units digit of 5863?
3
What is the units digit of 2507?
7
What is the tens digit of 628?
2
What is the tens digit of 2736?
3
What is the units digit of 3757?
7
What is the units digit of 43215?
5
What is the tens digit of 1861?
6
What is the hundreds digit of 1776?
7
What is the units digit of 6525?
5
What is the hundreds digit of 2161?
1
What is the units digit of 958?
8
What is the units digit of 3734?
4
What is the tens digit of 7069?
6
What is the thousands digit of 70368?
0
What is the thousands digit of 4555?
4
What is the tens digit of 2340?
4
What is the units digit of 16?
6
What is the units digit of 1701?
1
What is the units digit of 5778?
8
What is the units digit of 8362?
2
What is the ten thousands digit of 140702?
4
What is the tens digit of 1759?
5
What is the units digit of 733?
3
What is the tens digit of 58777?
7
What is the hundreds digit of 20062?
0
What is the thousands digit of 151868?
1
What is the units digit of 54446?
6
What is the hundreds digit of 9924?
9
What is the hundreds digit of 32358?
3
What is the hundred thousands digit of 141647?
1
What is the hundreds digit of 21795?
7
What is the units digit of 21759?
9
What is the units digit of 460?
0
What is the units digit of 6260?
0
What is the units digit of 504?
4
What is the ten thousands digit of 11173?
1
What is the ten thousands digit of 95744?
9
What is the ten thousands digit of 42946?
4
What is the hundreds digit of 124213?
2
What is the thousands digit of 5326?
5
What is the tens digit of 903?
0
What is the thousands digit of 32479?
2
What is the units digit of 45064?
4
What is the hundreds digit of 300?
3
What is the tens digit of 1046?
4
What is the hundreds digit of 3481?
4
What is the tens digit of 88929?
2
What is the hundreds digit of 890?
8
What is the thousands digit of 7174?
7
What is the tens digit of 55692?
9
What is the units digit of 63399?
9
What is the units digit of 71660?
0
What is the units digit of 4489?
9
What is the tens digit of 154?
5
What is the units digit of 398?
8
What is the units digit of 37583?
3
What is the ten thousands digit of 96625?
9
What is the hundreds digit of 121039?
0
What is the hundreds digit of 1644?
6
What is the thousands digit of 2154?
2
What is the ten thousands digit of 17416?
1
What is the hundreds digit of 51166?
1
What is the ten thousands digit of 38069?
3
What is the hundreds digit of 69632?
6
What is the thousands digit of 34838?
4
What is the units digit of 71008?
8
What is the units digit of 4984?
4
What is the units digit of 692?
2
What is the hundreds digit of 3031?
0
What is the hundreds digit of 6925?
9
What is the tens digit of 12333?
3
What is the hundreds digit of 923?
9
What is the thousands digit of 3778?
3
What is the thousands digit of 50932?
0
What is the units digit of 54357?
7
What is the units digit of 2795?
5
What is the units digit of 28787?
7
What is the tens digit of 3683?
8
What is the units digit of 7496?
6
What is the thousands digit of 2790?
2
What is the thousands digit of 11583?
1
What is the tens digit of 1762?
6
What is the hundreds digit of 12882?
8
What is the tens digit of 4499?
9
What is the units digit of 1015?
5
What is the tens digit of 11331?
3
What is the tens digit of 48528?
2
What is the hundreds digit of 1049?
0
What is the units digit of 964?
4
What is the tens digit of 184292?
9
What is the thousands digit of 53176?
3
What is the units digit of 9818?
8
What is the hundreds digit of 3166?
1
What is the tens digit of 17721?
2
What is the thousands digit of 29712?
9
What is the thousands digit of 15667?
5
What is the hundreds digit of 50302?
3
What is the units digit of 1989?
9
What is the hundreds digit of 19208?
2
What is the tens digit of 55289?
8
What is the units digit of 3400?
0
What is the tens digit of 1457?
5
What is the units digit of 104753?
3
What is the units digit of 42?
2
What is the tens digit of 1508?
0
What is the thousands digit of 3650?
3
What is the units digit of 128?
8
What is the units digit of 2634?
4
What is the units digit of 2701?
1
What is the thousands digit of 21122?
1
What is the tens digit of 198?
9
What is the hundreds digit of 2392?
3
What is the hundreds digit of 82022?
0
What is the thousands digit of 2368?
2
What is the tens digit of 477?
7
What is the hundreds digit of 15293?
2
What is the thousands digit of 37438?
7
What is the hundreds digit of 4422?
4
What is the hundreds digit of 2066?
0
What is the tens digit of 1769?
6
What is the units digit of 1293?
3
What is the ten thousands digit of 11690?
1
What is the ten thousands digit of 201860?
0
What is the tens digit of 39520?
2
What is the hundreds digit of 4698?
6
What is the hundreds digit of 84974?
9
What is the units digit of 2789?
9
What is the units digit of 9608?
8
What is the units digit of 1351?
1
What is the hundreds digit of 2038?
0
What is the units digit of 18403?
3
What is the tens digit of 35?
3
What is the units digit of 2187?
7
What is the thousands digit of 2698?
2
What is the hundreds digit of 3179?
1
What is the thousands digit of 3078?
3
What is the thousands digit of 3758?
3
What is the tens digit of 27176?
7
What is the ten thousands digit of 10609?
1
What is the thousands digit of 1403?
1
What is the tens digit of 4502?
0
What is the units digit of 306?
6
What is the hundreds digit of 1482?
4
What is the hundreds digit of 1728?
7
What is the units digit of 342?
2
What is the units digit of 1346?
6
What is the units digit of 111786?
6
What is the ten thousands digit of 24409?
2
What is the ten thousands digit of 18666?
1
What is the ten thousands digit of 13942?
1
What is the tens digit of 4826?
2
What is the units digit of 2194?
4
What is the units digit of 1689?
9
What is the units digit of 1315?
5
What is the thousands digit of 13306?
3
What is the hundreds digit of 145?
1
What is the tens digit of 4594?
9
What is the units digit of 4915?
5
What is the hundreds digit of 8851?
8
What is the units digit of 2581?
1
What is the tens digit of 2428?
2
What is the tens digit of 87316?
1
What is the units digit of 29210?
0
What is the hundred thousands digit of 127739?
1
What is the thousands digit of 2345?
2
What is the tens digit of 68081?
8
What is the units digit of 31008?
8
What is the units digit of 16562?
2
What is the units digit of 2068?
8
What is the units digit of 501?
1
What is the tens digit of 40?
4
What is the thousands digit of 34636?
4
What is the units digit of 226?
6
What is the hundreds digit of 16552?
5
What is the thousands digit of 53876?
3
What 